{"id":1285,"date":"2021-04-01T09:59:26","date_gmt":"2021-04-01T12:59:26","guid":{"rendered":"http:\/\/www.inesp.edu.br\/revista\/?page_id=1285"},"modified":"2021-04-27T13:25:26","modified_gmt":"2021-04-27T16:25:26","slug":"padroes-eticos","status":"publish","type":"page","link":"https:\/\/www.inesp.edu.br\/revista\/padroes-eticos\/","title":{"rendered":"Padr\u00f5es \u00e9ticos"},"content":{"rendered":"<h4 style=\"text-align: justify;\"><span style=\"font-size: 14pt; color: #333333;\"><strong>Revista\u00a0<\/strong><strong>Acad\u00eamica Interdisciplinar INESP: Padr\u00f5es \u00c9ticos<\/strong><\/span><\/h4>\n<p style=\"text-align: justify;\"><span style=\"color: #333333;\">A Revista publica artigos t\u00e9cnicos e cient\u00edficos de relev\u00e2ncia social e acad\u00eamica e adota instrumentos e procedimentos baseados em normas t\u00e9cnicas internacionais a fim de garantir a qualidade e a \u00e9tica em suas publica\u00e7\u00f5es.<\/span><\/p>\n<p style=\"text-align: justify;\"><span style=\"color: #333333;\">A apresenta\u00e7\u00e3o da\u00a0Revista Acad\u00eamica Interdisciplinar\u00a0<strong>INESP<\/strong>, bem como a metodologia utilizada para sele\u00e7\u00e3o e publica\u00e7\u00e3o dos trabalhos recebidos, s\u00e3o embasadas nas normas internacionais recomendadas pelo COPE \u2013 Comit\u00ea de Publica\u00e7\u00f5es \u00c9ticas, que podem ser encontradas em\u00a0<span style=\"color: #33cccc;\"><a style=\"color: #33cccc;\" href=\"http:\/\/publicationethics.org\/resources\/guidelines\" target=\"_blank\" rel=\"noopener noreferrer\">http:\/\/publicationethics.org\/resources\/guidelines<\/a>.<\/span><\/span><\/p>\n<h4 style=\"text-align: justify;\"><span style=\"color: #333333;\"><strong><span style=\"font-size: 14pt;\">Considera\u00e7\u00f5es \u00e9ticas e profissionais para publica\u00e7\u00e3o na Revista Acad\u00eamica Interdisciplinar INESP<\/span><\/strong><\/span><\/h4>\n<p style=\"text-align: justify;\"><span style=\"color: #333333;\">Todos os trabalhos enviados \u00e0 Revista\u00a0passam por avalia\u00e7\u00e3o\u00a0<em>doble-blind-revew<\/em>\u00a0de pareceristas com conhecimento t\u00e9cnico-cient\u00edfico sobre o tema. Todos os trabalhos que n\u00e3o estiverem nas normas de apresenta\u00e7\u00e3o expressas no site da revista ou que apresentarem algum cunho tendencioso ou falacioso no que diz respeito \u00e0 pol\u00edtica, religi\u00e3o, trabalhos cient\u00edficos, pessoas, produtos ou institui\u00e7\u00f5es ser\u00e3o automaticamente exclu\u00eddos do processo de avalia\u00e7\u00e3o.<\/span><\/p>\n<p style=\"text-align: justify;\"><span style=\"color: #333333;\">Os artigos frutos de pl\u00e1gio ter\u00e3o parecer negativo para publica\u00e7\u00e3o. Entende-se por pl\u00e1gio:<\/span><\/p>\n<p style=\"text-align: justify;\"><span style=\"color: #333333;\">I. Trabalhos que apresentem resultados, conceitos e\/ou outros dados copiados de autores, sem sua devida permiss\u00e3o, ou a referida cita\u00e7\u00e3o;<\/span><\/p>\n<p style=\"text-align: justify;\"><span style=\"color: #333333;\">II. Trabalhos que j\u00e1 foram publicados de forma id\u00eantica, reescrita ou traduzida;<\/span><\/p>\n<p style=\"text-align: justify;\"><span style=\"color: #333333;\">III. Trabalhos nos quais constem autores que n\u00e3o participaram do processo de escrita ou produ\u00e7\u00e3o;<\/span><\/p>\n<p style=\"text-align: justify;\"><span style=\"color: #333333;\">Al\u00e9m dos casos especificados nos par\u00e1grafos anteriores, a Revista poder\u00e1 negar a publica\u00e7\u00e3o de artigos nos seguintes casos:<\/span><\/p>\n<p style=\"text-align: justify;\"><span style=\"color: #333333;\">I. Falta de corpo t\u00e9cnico capacitado em tema espec\u00edfico para a avalia\u00e7\u00e3o do artigo;<\/span><\/p>\n<p style=\"text-align: justify;\"><span style=\"color: #333333;\">II. Incongru\u00eancia do tema do artigo com os temas dos volumes que ser\u00e3o publicados;<\/span><\/p>\n<p style=\"text-align: justify;\"><span style=\"color: #333333;\">III. Excesso de artigos recebidos sobre o mesmo tema;<\/span><\/p>\n<p style=\"text-align: justify;\"><span style=\"color: #333333;\">IV. Pouca ou nenhuma relev\u00e2ncia social\/cient\u00edfica;<\/span><\/p>\n<p style=\"text-align: justify;\"><span style=\"color: #333333;\">V. Envio do trabalho fora do prazo pelo(s) autor(es), quanto \u00e0s poss\u00edveis solicita\u00e7\u00f5es de altera\u00e7\u00f5es feitas pelos pareceristas ou pela equipe da Revista;<\/span><\/p>\n<p style=\"text-align: justify;\"><span style=\"color: #333333;\">VI. Cumprimento apenas parcial das altera\u00e7\u00f5es solicitadas, ainda que enviadas dentro do prazo estipulado, pelos pareceristas ou pela equipe da Revista;<\/span><\/p>\n<p style=\"text-align: justify;\"><span style=\"color: #333333;\">VII. Incongru\u00eancia entre objetivos, metodologia e resultados;<\/span><\/p>\n<p style=\"text-align: justify;\"><span style=\"color: #333333;\">VIII. Outros motivos n\u00e3o especificados.<\/span><\/p>\n<p style=\"text-align: justify;\"><span style=\"color: #333333;\">Em nenhum caso caber\u00e1 recurso do(s) autor(es) contra a decis\u00e3o impetrada pela equipe da\u00a0<em>Revista Acad\u00eamica Interdisciplinar INESP<\/em>. A Revista buscar\u00e1 ser clara e \u00e9tica com todos os envolvidos no processo de avalia\u00e7\u00e3o e publica\u00e7\u00e3o: corpo editorial, autores, equipe t\u00e9cnica e sociedade, inclusive nos casos de pl\u00e1gio que estiverem infringindo as legisla\u00e7\u00f5es nacionais vigentes.<\/span><\/p>\n<p style=\"text-align: justify;\"><span style=\"color: #333333;\">Poder\u00e3o ser aceitos artigos oriundos de publica\u00e7\u00e3o em congressos, desde que estejam de acordo com as normas exigidas pela revista e que o autor identifique no ato envio, as refer\u00eancias bibliogr\u00e1ficas do congresso.<\/span><\/p>\n<p style=\"text-align: justify;\"><span style=\"color: #333333;\">Ao enviar o trabalho \u00e0\u00a0Revista Acad\u00eamica Interdisciplinar INESP, o autor cede o direito de publica\u00e7\u00e3o e divulga\u00e7\u00e3o do seu trabalho.<\/span><\/p>\n<p style=\"text-align: justify;\"><span style=\"color: #333333;\">Os autores que desejarem enviar seus trabalhos para a Revista dever\u00e3o faz\u00ea-lo de forma volunt\u00e1ria, tendo como recompensa a divulga\u00e7\u00e3o e publica\u00e7\u00e3o de sua produ\u00e7\u00e3o. A Revista n\u00e3o remunera financeiramente nenhum autor, nem mesmo aqueles cujos trabalhos sejam publicados.<\/span><\/p>\n","protected":false},"excerpt":{"rendered":"<p>Revista\u00a0Acad\u00eamica Interdisciplinar INESP: Padr\u00f5es \u00c9ticos A Revista publica artigos t\u00e9cnicos e cient\u00edficos de relev\u00e2ncia social e acad\u00eamica e adota instrumentos e procedimentos baseados em normas t\u00e9cnicas internacionais a fim de garantir a qualidade e a \u00e9tica em suas publica\u00e7\u00f5es. A apresenta\u00e7\u00e3o da\u00a0Revista Acad\u00eamica Interdisciplinar\u00a0INESP, bem como a metodologia utilizada para sele\u00e7\u00e3o e publica\u00e7\u00e3o dos trabalhos &hellip;<\/p>\n<p class=\"read-more\"> <a class=\"\" href=\"https:\/\/www.inesp.edu.br\/revista\/padroes-eticos\/\"> <span class=\"screen-reader-text\">Padr\u00f5es \u00e9ticos<\/span> Leia mais &raquo;<\/a><\/p>\n","protected":false},"author":2,"featured_media":1402,"parent":0,"menu_order":0,"comment_status":"closed","ping_status":"closed","template":"","meta":{"site-sidebar-layout":"default","site-content-layout":"default","ast-global-header-display":"","ast-main-header-display":"","ast-hfb-above-header-display":"","ast-hfb-below-header-display":"","ast-hfb-mobile-header-display":"","site-post-title":"","ast-breadcrumbs-content":"","ast-featured-img":"","footer-sml-layout":"","theme-transparent-header-meta":"default","adv-header-id-meta":"","stick-header-meta":"","header-above-stick-meta":"","header-main-stick-meta":"","header-below-stick-meta":"","footnotes":""},"_links":{"self":[{"href":"https:\/\/www.inesp.edu.br\/revista\/wp-json\/wp\/v2\/pages\/1285"}],"collection":[{"href":"https:\/\/www.inesp.edu.br\/revista\/wp-json\/wp\/v2\/pages"}],"about":[{"href":"https:\/\/www.inesp.edu.br\/revista\/wp-json\/wp\/v2\/types\/page"}],"author":[{"embeddable":true,"href":"https:\/\/www.inesp.edu.br\/revista\/wp-json\/wp\/v2\/users\/2"}],"replies":[{"embeddable":true,"href":"https:\/\/www.inesp.edu.br\/revista\/wp-json\/wp\/v2\/comments?post=1285"}],"version-history":[{"count":12,"href":"https:\/\/www.inesp.edu.br\/revista\/wp-json\/wp\/v2\/pages\/1285\/revisions"}],"predecessor-version":[{"id":1509,"href":"https:\/\/www.inesp.edu.br\/revista\/wp-json\/wp\/v2\/pages\/1285\/revisions\/1509"}],"wp:featuredmedia":[{"embeddable":true,"href":"https:\/\/www.inesp.edu.br\/revista\/wp-json\/wp\/v2\/media\/1402"}],"wp:attachment":[{"href":"https:\/\/www.inesp.edu.br\/revista\/wp-json\/wp\/v2\/media?parent=1285"}],"curies":[{"name":"wp","href":"https:\/\/api.w.org\/{rel}","templated":true}]}}